 the remainder when 2288 is divided by 75.
38
What is the remainder when 18493 is divided by 138?
1
What is the remainder when 8706 is divided by 1447?
24
What is the remainder when 15125 is divided by 48?
5
Calculate the remainder when 2622 is divided by 874.
0
Calculate the remainder when 12155 is divided by 3027.
47
Calculate the remainder when 971 is divided by 296.
83
Calculate the remainder when 174896 is divided by 31.
25
Calculate the remainder when 103060 is divided by 187.
23
Calculate the remainder when 83998 is divided by 30.
28
Calculate the remainder when 67202 is divided by 9.
8
Calculate the remainder when 59786 is divided by 8503.
265
What is the remainder when 129000 is divided by 1066?
14
What is the remainder when 117871 is divided by 384?
367
Calculate the remainder when 12426 is divided by 428.
14
Calculate the remainder when 2815 is divided by 699.
19
What is the remainder when 501608 is divided by 501602?
6
What is the remainder when 1488 is divided by 258?
198
Calculate the remainder when 323033 is divided by 60.
53
Calculate the remainder when 9113 is divided by 430.
83
Calculate the remainder when 62456 is divided by 17.
15
Calculate the remainder when 710 is divided by 694.
16
What is the remainder when 60390 is divided by 499?
11
Calculate the remainder when 8190 is divided by 55.
50
What is the remainder when 88392 is divided by 15?
12
What is the remainder when 3649 is divided by 23?
15
What is the remainder when 666251 is divided by 666250?
1
What is the remainder when 2884 is divided by 486?
454
What is the remainder when 3753 is divided by 1674?
405
Calculate the remainder when 9735 is divided by 52.
11
Calculate the remainder when 19201 is divided by 19190.
11
Calculate the remainder when 2714 is divided by 499.
219
What is the remainder when 36731 is divided by 55?
46
What is the remainder when 1541394 is divided by 33?
30
Calculate the remainder when 212520 is divided by 122.
118
What is the remainder when 37202 is divided by 2170?
312
What is the remainder when 18294 is divided by 6025?
219
Calculate the remainder when 2294 is divided by 547.
106
What is the remainder when 2966 is divided by 143?
106
Calculate the remainder when 2399 is divided by 61.
20
What is the remainder when 1000 is divided by 997?
3
Calculate the remainder when 2477 is divided by 804.
65
What is the remainder when 28959 is divided by 49?
0
Calculate the remainder when 27500 is divided by 8945.
665
What is the remainder when 28536 is divided by 267?
234
What is the remainder when 506734 is divided by 162?
160
Calculate the remainder when 12823 is divided by 23.
12
Calculate the remainder when 10540 is divided by 37.
32
What is the remainder when 200264 is divided by 47?
44
Calculate the remainder when 1850 is divided by 738.
374
Calculate the remainder when 1766427 is divided by 42.
33
Calculate the remainder when 9498 is divided by 4749.
0
Calculate the remainder when 211201 is divided by 1676.
25
What is the remainder when 2134 is divided by 85?
9
Calculate the remainder when 338664 is divided by 104.
40
What is the remainder when 55797 is divided by 175?
147
What is the remainder when 462051 is divided by 462038?
13
What is the remainder when 39507 is divided by 15?
12
What is the remainder when 2093378 is divided by 235?
233
What is the remainder when 26803 is divided by 2?
1
What is the remainder when 22863 is divided by 5709?
27
What is the remainder when 647 is divided by 618?
29
What is the remainder when 197728 is divided by 13?
11
What is the remainder when 552228 is divided by 43?
22
What is the remainder when 1995 is divided by 189?
105
Calculate the remainder when 71404 is divided by 8925.
4
What is the remainder when 86888 is divided by 52?
48
What is the remainder when 44126 is divided by 236?
230
What is the remainder when 215594 is divided by 88?
82
What is the remainder when 122681 is divided by 15?
11
What is the remainder when 19414 is divided by 540?
514
What is the remainder when 7066 is divided by 2350?
16
Calculate the remainder when 2316130 is divided by 153.
16
Calculate the remainder when 533 is divided by 119.
57
What is the remainder when 1323 is divided by 661?
1
Calculate the remainder when 6323 is divided by 49.
2
Calculate the remainder when 1888 is divided by 877.
134
What is the remainder when 51959 is divided by 893?
165
Calculate the remainder when 21278 is divided by 32.
30
Calculate the remainder when 180278 is divided by 90132.
14
Calculate the remainder when 2395 is divided by 724.
223
Calculate the remainder when 12333 is divided by 6161.
11
What is the remainder when 19381 is divided by 6458?
7
What is the remainder when 24013 is divided by 24004?
9
Calculate the remainder when 4357 is divided by 3847.
510
What is the remainder when 1323058 is divided by 21?
16
What is the remainder when 232675 is divided by 12?
7
What is the remainder when 813 is divided by 28?
1
What is the remainder when 57600 is divided by 1398?
282
What is the remainder when 5492 is divided by 2216?
1060
Calculate the remainder when 18578 is divided by 63.
56
Calculate the remainder when 180246 is divided by 4506.
6
Calculate the remainder when 1293042 is divided by 9236.
2
What is the remainder when 832468 is divided by 15?
13
Calculate the remainder when 1861097 is divided by 1222.
1213
Calculate the remainder when 3880 is divided by 141.
73
What is the remainder when 20790 is divided by 20785?
5
What is the remainder when 742282 is divided by 162?
160
Calculate the remainder when 122500 is divided by 112.
84
Calculate the remainder when 6499 is divided by 30.
19
What is the remainder when 6875 is divided by 2290?
5
What is the remainder when 70312 is divided by 27?
4
Calculate the remainder when 262565 is divided by 87.
86
Calculate the remainder when 413 is divided by 161.
91
Calculate the remainder when 58764 is divided by 7344.
12
What is the remainder when 374330 is divided by 46791?
2
Calculate the remainder when 5850 is divided by 2605.
640
What is the remainder when 182981 is divided by 948?
17
Calculate the remainder when 219497 is divided by 550.
47
Calculate the remainder when 27419 is divided by 27394.
25
Calculate the remainder when 36803 is divided by 64.
3
What is the remainder when 378 is divided by 211?
167
What is the remainder when 137 is divided by 20?
17
What is the remainder when 153357 is divided by 616?
589
What is the remainder when 78058 is divided by 20?
18
Calculate the remainder when 12851 is divided by 202.
125
What is the remainder when 9624 is divided by 125?
124
What is the remainder when 134102 is divided by 1812?
14
Calculate the remainder when 757754 is divided by 2048.
2042
What is the remainder when 3922 is divided by 581?
436
Calculate the remainder when 38040 is divided by 2377.
8
Calculate the remainder when 1500784 is divided by 14.
12
What is the remainder when 8270 is divided by 23?
13
Calculate the remainder when 47578 is divided by 16.
10
What is the remainder when 14939 is divided by 12?
11
Calculate the remainder when 679 is divided by 627.
52
What is the remainder when 45245 is divided by 36?
29
Calculate the remainder when 387 is divided by 2.
1
Calculate the remainder when 46586 is divided by 11640.
26
Calculate the remainder when 1361564 is divided by 71.
68
What is the remainder when 5836 is divided by 16?
12
Calculate the remainder when 19126 is divided by 2125.
1
What is the remainder when 2858725 is divided by 86?
85
Calculate the remainder when 47445 is divided by 13.
8
Calculate the remainder when 358519 is divided by 6076.
35
What is the remainder when 35074 is divided by 26?
0
Calculate the remainder when 49459 is divided by 749.
25
What is the remainder when 8759 is divided by 118?
27
Calculate the remainder when 159795 is divided by 53255.
30
What is the remainder when 2368 is divided by 254?
82
Calculate the remainder when 2792 is divided by 190.
132
What is the remainder when 25383 is divided by 411?
312
Calculate the remainder when 8500 is divided by 1214.
2
What is the remainder when 103090 is divided by 484?
482
Calculate the remainder when 1611899 is divided by 449.
438
What is the remainder when 47542 is divided by 1354?
152
Calculate the remain